me number?
False
Is 33997 a prime number?
True
Is 1229549 prime?
False
Is 2928203 a prime number?
True
Is 44303 prime?
False
Is 1705549 prime?
True
Is 21137 a prime number?
False
Is 26581 prime?
False
Is 70881 composite?
True
Is 94279 a composite number?
True
Is 105107 a prime number?
True
Is 2130965 a prime number?
False
Is 76421 a prime number?
True
Is 9233 a prime number?
False
Is 69991 composite?
False
Is 8779 prime?
True
Is 36502 prime?
False
Is 296299 prime?
True
Is 157835 composite?
True
Is 734687 a composite number?
False
Is 315943 a composite number?
True
Is 221159 composite?
False
Is 54039 a prime number?
False
Is 17231 a composite number?
False
Is 500869 a composite number?
True
Is 228341 a prime number?
True
Is 2153 prime?
True
Is 5251 composite?
True
Is 2439721 composite?
True
Is 62657 prime?
False
Is 60267 a composite number?
True
Is 39521 a composite number?
False
Is 84601 prime?
False
Is 102497 a composite number?
False
Is 439667 prime?
True
Is 835333 composite?
True
Is 117563 prime?
True
Is 16442 composite?
True
Is 7886 prime?
False
Is 25021 composite?
True
Is 11959 a prime number?
True
Is 2503 a composite number?
False
Is 185917 composite?
False
Is 2549279 a prime number?
True
Is 4721 prime?
True
Is 42095 composite?
True
Is 65579 prime?
True
Is 1291447 prime?
True
Is 99677 prime?
False
Is 230339 a prime number?
True
Is 116329 prime?
True
Is 46573 a prime number?
True
Is 1488142 a composite number?
True
Is 37231 a composite number?
True
Is 10473 composite?
True
Is 114841 a prime number?
False
Is 13603 a prime number?
False
Is 302 composite?
True
Is 1889 a composite number?
False
Is 5227 composite?
False
Is 6619 prime?
True
Is 31001 a prime number?
False
Is 3208793 prime?
False
Is 7037 a prime number?
False
Is 130342 a composite number?
True
Is 11219 prime?
False
Is 1781 a prime number?
False
Is 648449 a prime number?
True
Is 2242073 prime?
True
Is 104527 a prime number?
True
Is 111463 composite?
True
Is 32827 a prime number?
False
Is 55957 a composite number?
True
Is 31379 a prime number?
True
Is 70631 prime?
False
Is 218039 composite?
True
Is 61549 a prime number?
False
Is 258019 a prime number?
True
Is 98167 prime?
False
Is 20089 a prime number?
True
Is 508337 a prime number?
False
Is 821843 a composite number?
True
Is 20854 a composite number?
True
Is 3670109 a composite number?
False
Is 6115 a prime number?
False
Is 8819 composite?
False
Is 383803 a prime number?
False
Is 68141 composite?
False
Is 87663 a prime number?
False
Is 207181 composite?
True
Is 2880879 prime?
False
Is 5257451 composite?
False
Is 2503 composite?
False
Is 26773 prime?
False
Is 28486 composite?
True
Is 36607 a composite number?
False
Is 31718 prime?
False
Is 338119 composite?
False
Is 9221 a prime number?
True
Is 2147599 a prime number?
True
Is 4373 a prime number?
True
Is 109555 a prime number?
False
Is 546919 a composite number?
False
Is 6457 a composite number?
True
Is 42923 a composite number?
False
Is 1211 a prime number?
False
Is 1219 a composite number?
True
Is 21953 composite?
True
Is 4201 composite?
False
Is 31817 prime?
True
Is 60427 a prime number?
True
Is 46433 a prime number?
False
Is 510369 prime?
False
Is 2237 a composite number?
False
Is 11273 prime?
True
Is 564743 composite?
True
Is 5891 composite?
True
Is 5167 a prime number?
True
Is 65743 composite?
True
Is 86813 prime?
True
Is 22433 a prime number?
True
Is 26447 prime?
False
Is 77789 a prime number?
False
Is 132001 prime?
True
Is 10771 a composite number?
False
Is 339517 prime?
True
Is 21701 a prime number?
True
Is 13027 composite?
True
Is 8609 composite?
False
Is 69262 composite?
True
Is 541 prime?
True
Is 22097 prime?
False
Is 20669 composite?
True
Is 15053 composite?
False
Is 38769 a prime number?
False
Is 9871 composite?
False
Is 25183 a composite number?
False
Is 1887295 composite?
True
Is 34807 prime?
True
Is 26171 a composite number?
False
Is 328651 a composite number?
False
Is 4049 prime?
True
Is 1403191 a prime number?
False
Is 96958 prime?
False
Is 8923 prime?
True
Is 128591 a prime number?
True
Is 627953 prime?
True
Is 11183 prime?
False
Is 19535 composite?
True
Is 39029 prime?
False
Is 22739 prime?
True
Is 79673 a composite number?
True
Is 55423 composite?
True
Is 3603073 a prime number?
True
Is 1138 prime?
False
Is 3062 a composite number?
True
Is 374729 composite?
False
Is 15623 a prime number?
False
Is 1189 a prime number?
False
Is 178169 composite?
False
Is 309867 composite?
True
Is 57427 a composite number?
False
Is 357041 a composite number?
True
Is 1847 a prime number?
True
Is 414043 a prime number?
False
Is 13071 a composite number?
True
Is 3559 composite?
False
Is 6559 composite?
True
Is 178701 composite?
True
Is 64373 a prime number?
True
Is 64373 prime?
True
Is 78203 a composite number?
False
Is 159535 a composite number?
True
Is 4327 a prime number?
True
Is 989619 a prime number?
False
Is 243989 a composite number?
False
Is 558377 prime?
False
Is 536131 composite?
True
Is 2459 a composite number?
False
Is 127321 composite?
False
Is 38939 a composite number?
True
Is 13957 a composite number?
True
Is 28293 composite?
True
Is 91423 composite?
False
Is 2719 prime?
True
Is 36185 composite?
True
Is 44449 composite?
False
Is 11665 a prime number?
False
Is 232301 a composite number?
True
Is 6470645 composite?
True
Is 9767 a composite number?
False
Is 14969 prime?
True
Is 103921 a prime number?
False
Is 157081 prime?
True
Is 1187 prime?
True
Is 115051 a composite number?
True
Is 132541 a composite number?
False
Is 410829 composite?
True
Is 781361 a composite number?
True
Is 77627 a prime number?
False
Is 145577 prime?
True
Is 2423977 a prime number?
False
Is 60067 prime?
False
Is 6037 a composite number?
False
Is 622423 composite?
False
Is 5557 a prime number?
True
Is 348307 composite?
False
Is 28277 prime?
True
Is 771389 a prime number?
True
Is 120863 a composite number?
False
Is 892189 prime?
True
Is 1003 prime?
False
Is 103769 a prime number?
True
Is 53231 prime?
True
Is 1304933 a composite number?
True
Is 274067 a composite number?
True
Is 5793 composite?
True
Is 4727 a composite number?
True
Is 1183121 prime?
True
Is 805411 a prime number?
False
Is 32014 a prime number?
False
Is 8857 composite?
True
Is 605719 prime?
True
Is 101009 prime?
True
Is 11099 composite?
True
Is 9953 prime?
False
Is 3387 composite?
True
Is 22033 prime?
False
Is 1083395 a composite number?
True
Is 61751 a composite number?
False
Is 52951 prime?
True
Is 138981 composite?
True
Is 2203 a prime number?
True
Is 50147 a composite number?
False
Is 6443 composite?
True
Is 1309313 a composite number?
False
Is 5167 composite?
False
Is 13133 a prime number?
False
Is 81717 a prime number?
False
Is 3313 a prime number?
True
Is 634471 a prime number?
True
Is 4201 prime?
True
Is 2869223 prime?
False
Is 74653 a prime number?
True
Is 39097 a prime number?
True
Is 24169 a composite number?
False
Is 80621 a composite number?
False
Is 343597 prime?
False
Is 230363 a composite number?
True
Is 288545 composite?
True
Is 1167 a prime number?
False
Is 2159 prime?
False
Is 14591 a composite number?
False
Is 382843 a composite number?
False
Is 5053 a prime number?
False
Is 14543 prime?
True
Is 80843 a composite number?
True
Is 30791 prime?
False
Is 4583 composite?
False
Is 45379 composite?
True
Is 105031 composite?
False
Is 677 prime?
True
Is 466441 composite?
False
Is 2393 prime?
True
Is 75503 a prime number?
True
Is 958 a composite number?
True
Is 10301 composite?
False
Is 516497 a composite number?
True
Is 630017 prime?
True
Is 15467 composite?
False
Is 167171 prime?
False
Is 199853 composite?
False
Is 621001 a prime number?
False
Is 9587 a prime number?
True
Is 7699 prime?
True
Is 679 a composite number?
True
Is 345637 a composite number?
False
Is 25741 prime?
True
Is 63223 prime?
False
Is 4513 a prime number?
True
Is 16495 prime?
False
Is 71653 prime?
False
Is 1332893 a composite number?
False
Is 918193 composite?
False
Is 10903 a prime number?
True
Is 1719505 prime?
False
Is 27019 prime?
False
Is 35821 a composite number?
True
Is 158698 prime?
False
Is 6271 a composite number?
False
Is 24809 prime?
True
Is 5399491 prime?
False
Is 863179 a composite number?
False
Is 1123151 prime?
True
Is 25219 a prime n